{"id":181,"date":"2025-08-21T12:27:39","date_gmt":"2025-08-21T12:27:39","guid":{"rendered":"https:\/\/site45.sitetemporario.pt\/?post_type=product&#038;p=181"},"modified":"2025-08-21T15:01:52","modified_gmt":"2025-08-21T15:01:52","slug":"sobremesas","status":"publish","type":"product","link":"https:\/\/site45.sitetemporario.pt\/?product=sobremesas","title":{"rendered":"Sobremesas"},"content":{"rendered":"<h3 data-start=\"3885\" data-end=\"3908\">Op\u00e7\u00f5es de Escolha<\/h3>\n<ul data-start=\"3910\" data-end=\"4113\">\n<li data-start=\"3910\" data-end=\"3993\">\n<p data-start=\"3912\" data-end=\"3929\"><strong data-start=\"3912\" data-end=\"3927\">Cheesecakes<\/strong><\/p>\n<ul data-start=\"3933\" data-end=\"3993\">\n<li data-start=\"3933\" data-end=\"3953\">\n<p data-start=\"3935\" data-end=\"3953\">Frutos Vermelhos<\/p>\n<\/li>\n<li data-start=\"3957\" data-end=\"3966\">\n<p data-start=\"3959\" data-end=\"3966\">Lotus<\/p>\n<\/li>\n<li data-start=\"3970\" data-end=\"3980\">\n<p data-start=\"3972\" data-end=\"3980\">Kinder<\/p>\n<\/li>\n<li data-start=\"3984\" data-end=\"3993\">\n<p data-start=\"3986\" data-end=\"3993\">Lim\u00e3o<\/p>\n<\/li>\n<\/ul>\n<\/li>\n<li data-start=\"3995\" data-end=\"4113\">\n<p data-start=\"3997\" data-end=\"4009\"><strong data-start=\"3997\" data-end=\"4007\">Tartes<\/strong><\/p>\n<ul data-start=\"4013\" data-end=\"4113\">\n<li data-start=\"4013\" data-end=\"4033\">\n<p data-start=\"4015\" data-end=\"4033\">Lim\u00e3o e Merengue<\/p>\n<\/li>\n<li data-start=\"4037\" data-end=\"4071\">\n<p data-start=\"4039\" data-end=\"4071\">Mousse de Chocolate e Merengue<\/p>\n<\/li>\n<li data-start=\"4075\" data-end=\"4091\">\n<p data-start=\"4077\" data-end=\"4091\">Banana Cream<\/p>\n<\/li>\n<li data-start=\"4095\" data-end=\"4113\">\n<p data-start=\"4097\" data-end=\"4113\">Ma\u00e7\u00e3 e Am\u00eandoa<\/p>\n<\/li>\n<\/ul>\n<\/li>\n<\/ul>\n","protected":false},"excerpt":{"rendered":"<p style=\"text-align: justify;\" data-start=\"3035\" data-end=\"3110\">O final perfeito para qualquer celebra\u00e7\u00e3o come\u00e7a aqui.<\/p>\n<p style=\"text-align: justify;\" data-start=\"3112\" data-end=\"3370\">Se est\u00e1 a planear uma festa memor\u00e1vel, n\u00e3o pode faltar uma sele\u00e7\u00e3o de sobremesas que deixe todos rendidos.<\/p>\n<p style=\"text-align: justify;\" data-start=\"3112\" data-end=\"3370\">Os nossos <strong data-start=\"3231\" data-end=\"3266\">cheesecakes, tartes e semifrios<\/strong> s\u00e3o mais do que simples doces \u2014 s\u00e3o verdadeiros momentos de prazer que elevam qualquer mesa de festa.<\/p>\n<p style=\"text-align: justify;\" data-start=\"3372\" data-end=\"3546\">Feitos com ingredientes frescos e combina\u00e7\u00f5es de sabores equilibradas, cada sobremesa \u00e9 preparada com rigor e paix\u00e3o, para que cada fatia seja uma experi\u00eancia inesquec\u00edvel.<\/p>\n<p style=\"text-align: justify;\" data-start=\"3548\" data-end=\"3644\">Desde a frescura frutada ao toque cremoso e indulgente, temos a sobremesa perfeita para si.<\/p>\n<p style=\"text-align: justify;\" data-start=\"3646\" data-end=\"3784\">Personaliz\u00e1veis em sabores e apresenta\u00e7\u00e3o, adaptam-se a qualquer estilo de evento \u2014 desde anivers\u00e1rios \u00edntimos a festas mais elaboradas.<\/p>\n<p style=\"text-align: justify;\" data-start=\"3786\" data-end=\"3878\">As encomendas s\u00e3o limitadas \u2014 reserve j\u00e1 e garanta o doce final que todos v\u00e3o comentar.<\/p>\n","protected":false},"featured_media":222,"comment_status":"open","ping_status":"closed","template":"","meta":[],"product_brand":[],"product_cat":[35],"product_tag":[],"class_list":{"0":"post-181","1":"product","2":"type-product","3":"status-publish","4":"has-post-thumbnail","6":"product_cat-sobremesas","8":"first","9":"instock","10":"shipping-taxable","11":"purchasable","12":"product-type-simple"},"_links":{"self":[{"href":"https:\/\/site45.sitetemporario.pt\/index.php?rest_route=\/wp\/v2\/product\/181","targetHints":{"allow":["GET"]}}],"collection":[{"href":"https:\/\/site45.sitetemporario.pt\/index.php?rest_route=\/wp\/v2\/product"}],"about":[{"href":"https:\/\/site45.sitetemporario.pt\/index.php?rest_route=\/wp\/v2\/types\/product"}],"replies":[{"embeddable":true,"href":"https:\/\/site45.sitetemporario.pt\/index.php?rest_route=%2Fwp%2Fv2%2Fcomments&post=181"}],"wp:featuredmedia":[{"embeddable":true,"href":"https:\/\/site45.sitetemporario.pt\/index.php?rest_route=\/wp\/v2\/media\/222"}],"wp:attachment":[{"href":"https:\/\/site45.sitetemporario.pt\/index.php?rest_route=%2Fwp%2Fv2%2Fmedia&parent=181"}],"wp:term":[{"taxonomy":"product_brand","embeddable":true,"href":"https:\/\/site45.sitetemporario.pt\/index.php?rest_route=%2Fwp%2Fv2%2Fproduct_brand&post=181"},{"taxonomy":"product_cat","embeddable":true,"href":"https:\/\/site45.sitetemporario.pt\/index.php?rest_route=%2Fwp%2Fv2%2Fproduct_cat&post=181"},{"taxonomy":"product_tag","embeddable":true,"href":"https:\/\/site45.sitetemporario.pt\/index.php?rest_route=%2Fwp%2Fv2%2Fproduct_tag&post=181"}],"curies":[{"name":"wp","href":"https:\/\/api.w.org\/{rel}","templated":true}]}}